8017. Let w(n) = -n**3 - 3*n**2 - 3*n + 5. Give w(u).
5
Suppose -5*p + 34 = -3*o, -5*p + 8*o + 37 = 4*o. Let j(c) be the third derivative of 0*c - 1/4*c**4 + 6*c**2 + 1/60*c**5 + 0 + c**3. Determine j(p).
1
Let b(i) be the third derivative of i**5/30 - 3*i**4/4 + 19*i**3/6 + 8*i**2 - 14. Let l be (-363)/(-44) - 2/8. Calculate b(l).
3
Let b(s) be the first derivative of -s**6/360 + s**5/30 - 7*s**4/24 + 14*s**3/3 - 2*s - 15. Let d(i) be the third derivative of b(i). Calculate d(5).
-12
Suppose 77*s + 4 = 79*s. Let l(f) = f - 31 + 35 - s*f. Give l(-6).
10
Let b(i) be the third derivative of i**5/60 + i**4/4 + 55*i**2. Suppose 2*f - d + 16 = 6, f - d = -4. What is b(f)?
0
Suppose -2*l - 9 = 3. Let h(d) = -4*d - 134 + d - 141 + 2*d + 265. What is h(l)?
-4
Let h(u) = -u - 1. Let g(a) = 2*a - 20. Let x be g(10). Suppose b - 3*b + 4 = x. Suppose -3*d = -4*t - 8, -5*t + b - 12 = -5*d. Determine h(t).
1
Let g(k) = 8*k - 10. Let w be (12/(-45)*-3)/(4/30). Let l(q) = -9*q + 11. Let p(c) = w*l(c) + 7*g(c). Let r be p(5). Let i(h) = h**2 - 10*h + 9. Determine i(r).
-15
Suppose 0 = 5*w - 8*w - 3. Let x(p) be the second derivative of -7*p**4/12 + p**3/6 + 97*p**2/2 - 106*p. Let b(c) be the first derivative of x(c). Give b(w).
15
Let b(t) = -308 + 5*t + 606 - 300 + 0*t. Determine b(-2).
-12
Let b(q) be the second derivative of -q**4/12 + q**3/3 + q**2 + 10*q. Let j(r) = -16 - 12 - 4*r + 10 - 6. Let c be j(-7). What is b(c)?
-6
Let w(c) = -c**2 - 4*c + 2. Let l(z) = -z**3 + 8*z**2 + z - 14. Let h be l(7). Let p be 3/(((-465)/h)/5 + 2). Let g = 9 + p. Determine w(g).
-3
Let t = -8484 - -8473. Let a(w) = w + 18. Give a(t).
7
Suppose 0 = 7*b - 9*b + 8. Suppose n - b*n - 24 = -3*q, q - 3*n - 18 = 0. Let z(x) = 71 - 111 - x**2 - 2*x + 44. What is z(q)?
-11
Let x(y) = -13*y**2 + 8*y + 20. Let b(n) = 5*n**2 - 4*n - 6. Let z(w) = -8*b(w) - 3*x(w). Determine z(4).
4
Let o = 117 - 66. Let s = 55 - o. Let d(c) be the second derivative of -c**3/6 + c**2 + 17*c. What is d(s)?
-2
Let c(y) = -y**2 - y - 1. Let a(g) = g**3 - 3*g**2 - 5*g - 1. Let t(v) = a(v) + 3*c(v). Suppose 0*o = -5*i + 4*o + 27, -3*i = o - 23. Calculate t(i).
-11
Let t(b) = -6*b**2 - 9*b - 4. Let s be -3 - (-4*8/4 - (6 - 12)). What is t(s)?
-1
Let g(r) be the third derivative of r**6/120 - r**5/5 + r**3 + 82*r**2. Let j(h) = 19*h**2 - h + 2. Let a be j(1). Let s be ((-2)/(-5))/(a/600). Calculate g(s).
6
Let w be 2/8 + 685/(-20). Let v = -25 + 62. Let p = w + v. Let m(d) = -d**2 + 7*d - 2. Determine m(p).
10
Let c(p) be the third derivative of -7/12*p**4 + 0*p + 0 + 5/2*p**3 - 1/120*p**6 - 4/15*p**5 + 228*p**2. Calculate c(-15).
0
Let w(g) = g - 2. Let p(a) = -3*a + 60. Let u be ((-4)/(-5))/(44/(-110)). Let r = u + 22. Let m be p(r). Determine w(m).
-2
Let h(r) = 4*r**2 - r. Let u be h(-1). Let l(d) = d**2 - 36*d + 1. Let w(v) = -7*v**2 + 223*v - 4. Let n(q) = 6*l(q) + w(q). Calculate n(u).
12
Let f(j) = 61*j - 370. Let p(h) = 164*h + 1646. Let n be p(-10). What is f(n)?
-4
Let o(y) = 28*y - 13*y**2 - y**3 - 2*y**2 + 2 + 0 + 4*y**2. Determine o(-13).
-24
Let r(v) be the second derivative of -5*v**3/2 + 219*v**2 + 9469*v. Give r(30).
-12
Let l(d) = -59*d**3 + 15*d**2 - 12*d + 17. Let v(p) = 23*p**3 - 6*p**2 + 5*p - 7. Let r(s) = 7*l(s) + 18*v(s). Calculate r(3).
11
Let k(c) = -25*c - 34. Let p be k(5). Let o = p + 166. Let y(j) = -j + 11. What is y(o)?
4
Suppose -147*j - 123 = 318. Let d(l) = l**3 + 4*l**2 + 9*l + 9 - 4*l + 4 - 6. Calculate d(j).
1
Let b(m) = 2*m**2 - 6*m + 3. Let s = 3841 - 3837. Calculate b(s).
11
Let r be -26 - 210/(-15) - (-10 - -2). Let f(z) = z + 9. Calculate f(r).
5
Let n(k) = -4*k + 22. Let z be n(5). Let y(d) = 5*d**2 + z - 7*d**2 - 3*d + 3*d. Let w be y(-1). Let v(j) = j**3 + j**2 + 5. Calculate v(w).
5
Let n(d) = 313*d**3 + 48*d**2 - 17*d + 17. Let t(m) = -107*m**3 - 18*m**2 + 6*m - 6. Let a(x) = -3*n(x) - 8*t(x). Give a(1).
-83
Let b be 12/(-8)*(5/15 + 1). Let u(t) = 68*t + 137. Calculate u(b).
1
Let z(c) = -2*c**2 - c + 2. Suppose -11 = -5*q + 74. Let p = q - 20. Let m be (p/(-5))/((-7)/35). What is z(m)?
-13
Let m = 732 - 571. Let k(d) = -m + 161 - 71*d**3 - 2*d + 72*d**3. Determine k(2).
4
Let n(i) = -33*i - 378. Let g be n(-10). Let t be (g/(-9))/(70/30 - 3). Let f(w) = w + 6. Calculate f(t).
-2
Let q(g) = -1 + 5 - 4*g - 5 - 3. Let p(a) = 5*a + 3. Let r(w) = -2*p(w) - 3*q(w). Determine r(-3).
0
Let x(c) = -3*c**2 - 12*c - 1. Let a(d) = 5*d**2 + 23*d + 3. Let k(n) = -3*a(n) - 7*x(n). Let v(z) = 5*z**2 + 14*z - 1. Let u(w) = 6*k(w) - 7*v(w). Give u(8).
-5
Let c(d) = -d**3 - 24*d**2 - 4*d - 53. Suppose 0 = 12*w - i + 291, -82*i = -w - 83*i - 21. Determine c(w).
43
Let m(v) = -165*v**3 + 267*v**3 - 87*v**3 - v. Let k = 3 + -4. Determine m(k).
-14
Let f(v) be the first derivative of -1/3*v**3 - 190 + 3*v - 3*v**2. Let m(h) = -h**2 - 4*h. Let y be m(-5). Give f(y).
8
Suppose 5*g + 5*p - 94 = -219, 0 = 5*g - 2*p + 90. Let w(c) = c**3 + 19*c**2 - 21*c - 28. Let n be w(g). Let t(b) = b**2 + 9*b - 2. What is t(n)?
-10
Let p(f) be the first derivative of 6*f - 116 + 1/3*f**3 - 5/2*f**2. Determine p(4).
2
Suppose 127*u - 122*u - 15 = 0, 3*m = u + 33. Let p(k) = k**3 - 12*k**2 + 2*k - 17. Calculate p(m).
7
Let i be (-1 - 1)*245/(-70). Let k(p) = -p + 2 + 12*p**2 + i*p**2 - 20*p**2 + 5 - 1. Calculate k(3).
-6
Let r(m) = 2*m**2 + 3*m - 5. Suppose 32*g + 25020 = 8956. Let k = g + 497. What is r(k)?
30
Let p = -3 - -4. Let y(t) = -t - 1. Let c(n) = 3*n - 8. Let b(w) = c(w) - y(w). Let k be b(p). Let g(o) = -2*o. Calculate g(k).
6
Let w(a) = -a + 15. Let x be ((-6)/(-2) - 0) + (0 - -27). Suppose x = -535*c + 537*c. What is w(c)?
0
Let g(u) be the second derivative of 7*u**6/60 - u**4/24 - u**3/6 + 35*u**2/2 - 2*u - 17. Let v(s) be the first derivative of g(s). Determine v(-1).
-14
Suppose u - 455 = -73. Let m(t) = 2 + 195*t - u*t + 189*t. Give m(6).
14
Suppose 0 = 5*m + 10, -m - 2 = -j + 3*m. Let v(b) = -377*b + 192*b + 6 + 187*b. Calculate v(j).
-6
Let x(u) be the second derivative of -u**3/6 - u**2/2 + 15*u - 2. Let i be 7/126*9 + (-10)/(-4). What is x(i)?
-4
Let w be -5 + ((-10)/6)/(272/(-36) - -7). Let a(z) = 4*z**3 + 4*z. What is a(w)?
-40
Suppose -5*s + 2*j - 77 = 101, 149 = -4*s - 5*j. Let m = s - -36. Let z(q) = -32 + q + 44 + m*q. Calculate z(-9).
3
Let v(m) be the second derivative of m**2 + 0 + 1/6*m**3 + 10*m + 1/24*m**4. Let u(i) be the first derivative of v(i). Give u(4).
5
Let t be (-936)/(-91) - 4/14. Let a be 45/t + 1/2. Let y(d) = 17 - 6*d - 7 + a*d. Determine y(7).
3
Let r(f) = 13*f + 19. Suppose 0 = -2*y + 68 - 52. Let s(p) = -5*p - 6. Let w(d) = y*s(d) + 3*r(d). Let g be 3 + (4*-1 - -1). Give w(g).
9
Let d(p) = -4*p. Let h = 1472 + -1466. Let a = -8 + 5. Let v be (a/4)/(h - 51/8). Determine d(v).
-8
Let h(g) be the third derivative of g**5/30 + g**4/3 + 2*g**3/3 + g**2. Let a(n) = -4*n + 11. Let w be a(-2). Suppose 25*f - w*f = -30. What is h(f)?
14
Let o(j) = 4*j + 1. Let r be -3 + 0 + -2 + 5 + 70. Let q = -59 + r. Suppose 4*u = -5*z + q, 5*z - 5*u - 5 = -30. Determine o(z).
-3
Let q be (-579)/24 + (-2 - (-51)/24). Let k(s) = -s**3 - 23*s**2 + 26*s + 43. What is k(q)?
-5
Suppose 6 = -3*z - 9. Let p(x) = -9*x - 61. Let w be p(-7). Let h(l) = -5 + 34*l + 1 + l**3 + 5*l**w - 35*l + 3*l**3 - 3*l**3. Give h(z).
1
Let w(g) be the first derivative of g**7/840 - g**6/90 + g**5/40 + 35*g**3/3 - g - 178. Let p(u) be the third derivative of w(u). Calculate p(2).
-2
Let l(m) = -m**3 + 10*m**2 + 10. Let r(c) = c**2 + 8*c - 95. Let k be r(7). Let q be l(k). Let s(f) = f**2 - 10*f - 2. Calculate s(q).
-2
Let m(v) = -13*v + 12. Let i be m(3). Let u = i - -26. Let z be 1 + u - (19 - 23). Let h(c) = -c**3 + 5*c**2 - c. Calculate h(z).
12
Let f = -191 - -211. Let x(w) = -12 + 82*w - 21*w - f*w - 23*w - 20*w. Calculate x(-7).
2
Let q = 4339 + -4330. Let x(j) = j**2 - 13*j. Determine x(q).
-36
Let d(f) = 3*f + 6. Let g(c) = 2*c + 1. Suppose -4*u = 63 - 67. Let r(m) = u*g(m) - d(m). Calculate r(0).
-5
Let t(b) be the first derivative of -1/24*b**5 - 6*b**3 + 3 + 1/360*b**6 + 0*b + 1/4*b**4 + 0*b**2. Let q(m) be the third derivative of t(m). What is q(4)?
2
Let r = -14757 + 14760. Let m(l) = -47*l + 136. Give m(r).
-5
Suppose x = 2*d - 27, d = 3*x - 0 + 86. Let k = x + 29. Let b(o) = -4 + 